+ 154 = -4, -2*n = 5*q - 88. What is the tens digit of n?
5
Suppose 0*g = 11*g - 429. What is the units digit of g/52 + -1 + 314/8?
9
Suppose 3*s + 2*p = 3*p + 58, 0 = -3*s - p + 68. What is the tens digit of 348/(-16)*(-28)/s?
2
Let i(o) = -16*o + 13. Let q(n) = 15*n - 13. Let t(u) = -4*i(u) - 3*q(u). What is the tens digit of t(4)?
6
Suppose 5*k = 4*y + 58, 0 = 2*k - 0*y + 4*y - 12. Suppose -3*d - k + 73 = 0. What is the units digit of d?
1
Let v = -3887 + 6408. What is the hundreds digit of v?
5
What is the thousands digit of (-3 + 24/40)/((-3)/1450)?
1
Suppose 5*b + 3*w - 3958 = 0, -31*b + 795 = -30*b + 4*w. What is the hundreds digit of b?
7
Let y be 4/((-32)/20) - (-2)/(-4). Let t(r) = r - 2. Let g be t(0). What is the units digit of g*-1*(16 + y)?
6
Let z(m) = -m**2 + 59*m + 267. What is the units digit of z(43)?
5
Let p(s) = -s**3 + 6*s**2 - 4*s - 2. Let t be p(5). Suppose 3*u = -t*l + 18, l - 24 = -4*u - 0*l. Suppose 0*z = u*z - 180. What is the units digit of z?
0
Let y be (4/(-6))/((-2)/33). Suppose y = v - 2*v. Let z = 21 + v. What is the units digit of z?
0
Let y(d) = -217*d + 329. What is the tens digit of y(-5)?
1
Suppose -3*u = 5*i - 2*u - 5219, 2*i + u - 2090 = 0. What is the units digit of i?
3
Suppose 3*a - 168 = -g + 190, -3*a = -9. What is the tens digit of g?
4
Let r(v) = -v**3 - 5*v**2 - 3*v - 4. Let i(u) be the second derivative of -u**3/3 + 15*u**2/2 + 3*u. Let w be i(10). What is the units digit of r(w)?
1
Let m be (-1 - -3)*5/(-10). Let n be 4 + -1 - (m - -4). Suppose -4*q - 27 + 77 = -3*k, 2*q - 5*k - 32 = n. What is the units digit of q?
1
Let a be 2/(-3) - (-22)/6. Suppose a*w + w = 3*s + 127, 0 = -3*s - 3. What is the tens digit of w?
3
Let o(p) = -p**2 + 4*p - 4. Let a be o(3). Let j(i) = -5*i**2 + i + 1. Let v be j(1). What is the units digit of 1 + v - 17/a?
5
Suppose -7*k = 6*k - 4277. What is the hundreds digit of k?
3
Suppose -2*o - 282 = -2*v, 0*o - 262 = -2*v - 2*o. Suppose v = 32*z - 31*z. What is the tens digit of z?
3
Suppose 5*l - 21 = 4. Suppose 0 = -2*r + l + 13. Suppose -5*j + 4*j = 2*t - r, -4*t = 3*j - 13. What is the units digit of t?
7
Let v be (-4)/(-6) - (-6296)/24. Let x = -133 + v. Suppose 2*w = 3*y - 63, -2*y + x = 3*y + 5*w. What is the units digit of y?
3
Let w(f) = -f**2 - 3*f + 3. Let m be w(-6). Let z = m + 24. What is the units digit of z?
9
Let u be (-42)/(-14) + 1*4. Suppose -u*n = -71 - 804. What is the hundreds digit of n?
1
Suppose 7240 = 6*v - 2810. What is the units digit of v?
5
Suppose 0 = 168*q - 160*q - 21304. What is the hundreds digit of q?
6
Let p be (236*(-3)/9*-3)/(-1). Let m = p + 448. What is the units digit of m?
2
Suppose -2*h + 734 = -h + l, 0 = -2*h - 4*l + 1474. What is the hundreds digit of h?
7
Suppose -d + 4 = -0*d. What is the tens digit of 3 - (d - (80 - 4))?
7
What is the tens digit of (28470/(-511))/((-2)/14)?
9
Let s(n) = 2*n**2 + 4*n + 9. Let l(k) = k**2 + 2*k + 4. Let d(m) = 9*l(m) - 4*s(m). Let i = -10 + 12. What is the units digit of d(i)?
8
Let p = 152 + 579. What is the hundreds digit of p?
7
Let s(t) = -t**3 - 14*t**2 - 11*t - 14. Suppose -7*c - 49 - 49 = 0. What is the tens digit of s(c)?
4
Let z(t) = -t + 3 - 2 - 2 - t + 4*t**2. Let k be z(-1). Suppose 40 = k*r - 4*r. What is the units digit of r?
0
Let i = 109 - 29. Suppose 2*f + i = 232. What is the units digit of 9/3*f/6?
8
Let s(d) = 176*d**2 - d - 1. Let k be s(-1). Suppose -r - r = -k. What is the units digit of r?
8
Let s be (-6)/4 + 5/(-10). What is the tens digit of (17 - -37)/(s/(-3))?
8
Let x(w) = 1 + 68*w**2 + 2*w + 2*w - 4*w. Let d be x(-1). Suppose 0*m + d = 3*m. What is the tens digit of m?
2
Let o(i) = -i**3 - 24*i**2 - 145*i - 44. What is the units digit of o(-18)?
2
Let y be ((-1)/3)/(1/(-30)). Suppose -2*d = -y, 3*d - 11 = -4*f + 4. What is the tens digit of (f + -1)/(6/(-132))?
2
Let b(o) = o**3 - 8*o**2 + 8*o - 4. Let l be b(7). Suppose 0 = 5*h - 0*f + f - 126, 4*h - l*f = 116. What is the tens digit of h?
2
Let k(o) = -5*o - 19. Let s be k(-6). Suppose -s*x + 236 = -578. What is the tens digit of x?
7
Let o(a) = -a**3 - 3*a**2 + 4*a. Let r(k) = 9*k + 3. Let i be r(2). Suppose i = -4*q + 1. What is the tens digit of o(q)?
3
Let v = -222 + 153. Let u = 113 + v. Suppose 3*c = -c + u. What is the units digit of c?
1
Suppose 171 - 29 = 2*l. Suppose -x = -l - 118. What is the tens digit of x?
8
Let k = 66 - 110. What is the units digit of 11/k + (-466)/(-8)?
8
Let w(i) be the first derivative of 69*i**2/2 + 9*i - 2. What is the tens digit of w(2)?
4
Let k = 19 - 18. What is the hundreds digit of (-11)/(-3)*(32 + k)?
1
Let t = -588 + 968. What is the hundreds digit of t?
3
What is the hundreds digit of (-2)/(-32) - 533897/(-112)?
7
Suppose -3*g + 1060 + 914 = 5*u, -2*u - 5*g + 782 = 0. Suppose 5*k - u = -3*y, 2*k - 123 = -5*y + 24. Suppose -k - 99 = -6*f. What is the tens digit of f?
3
Suppose -4*h - 4*d = -17924, 1976 = -3*h - d + 15411. What is the hundreds digit of h?
4
Let j(h) = 5*h + 1. Suppose 4*u - t - 67 = -4*t, 38 = u + 5*t. Suppose u*l = 10*l + 21. What is the tens digit of j(l)?
3
Suppose -29488 - 7042 = -13*p. What is the thousands digit of p?
2
Let z(n) = 71*n - 215. What is the tens digit of z(6)?
1
Let d = -5299 - -8907. What is the units digit of d?
8
Suppose 9*h = 1016 + 5176. What is the units digit of h?
8
Let t(k) = 157*k**2 - 3*k - 2. Let w be t(-1). Suppose -8 + w = 5*c. What is the tens digit of c?
3
Let f(w) = -43*w - 109. What is the units digit of f(-18)?
5
Suppose -8*g + 4*g = -20. Suppose 3*m - 234 = -g*u, 0*u + 4*u = -m + 85. What is the tens digit of m?
7
Let r(w) = w**3 - 25*w**2 + 9*w - 203. What is the hundreds digit of r(26)?
7
Let l = 585 + 193. What is the units digit of l?
8
Suppose -48 = 3*b - 0*b. Suppose 6*n = -45 - 69. Let g = b - n. What is the units digit of g?
3
Suppose 4*c + 20 = -2*o - c, 2*c + 8 = 0. Suppose o = 3*a + a + 12. Let b = a - -20. What is the tens digit of b?
1
Suppose 3*y - 2258 = -4*l + 3101, -5*y + 8949 = -2*l. What is the units digit of y?
9
Let c(q) = 58*q + 45. What is the tens digit of c(4)?
7
Suppose 2*c = -2*n + n + 14, 0 = -2*c + 4*n + 14. Suppose -5*u = -5*a - 45, -3*u + a + 4*a = -35. Suppose 8 = u*y - c. What is the units digit of y?
3
Let i = -70 + 471. What is the units digit of i?
1
Suppose 3*a + a = -5*h - 57, 0 = -a + h - 3. What is the units digit of (50/(-4) - -2)/(a/16)?
1
What is the hundreds digit of (24/(-15))/(44/(-62810))?
2
Let h = -22 + 25. Let z(a) = 36*a - 6. What is the units digit of z(h)?
2
Suppose p + 2*p = 5*s - 16, -s + 5*p + 12 = 0. Let n be -2 + 4 + 31 + 0. Let v = s + n. What is the tens digit of v?
3
Let g(v) = -v**3 - 31*v**2 + 55*v - 49. What is the hundreds digit of g(-33)?
3
Suppose -78*u + 149404 = -34130. What is the thousands digit of u?
2
Let f(s) = 113*s - 188. What is the tens digit of f(8)?
1
Let g(h) = 21*h - 17*h + 14 - 15*h. Let z be g(11). What is the units digit of 3/(-2) - z/2?
2
Let x = 9090 - 6309. What is the thousands digit of x?
2
Let z = -44 - -53. Suppose 0 = -3*x - 2*x + 80. Let m = x - z. What is the units digit of m?
7
Let k = 1 + 12. Let o = k - -2. What is the tens digit of (11/(-4))/(o/(-120))?
2
Suppose 6*y = -4*g + 5*y + 1959, 3*g - 1482 = -5*y. What is the hundreds digit of g?
4
Let f = 408 - 116. Let t = f + -75. What is the hundreds digit of t?
2
Let n = -16 + 25. Let a = -13 + n. Let t = a - -17. What is the tens digit of t?
1
Let m(j) = 178*j + 5. Let l be m(-2). Let v = 578 + l. What is the hundreds digit of v?
2
Let w(f) = 5*f**3 - f**2 + 7*f - 19. Let g(m) = 3*m**3 - m**2 + 5*m - 13. Let k(d) = 7*g(d) - 5*w(d). What is the units digit of k(-2)?
8
Suppose -1 = 3*h - 1. What is the tens digit of (-4)/(-6)*(258 + h)?
7
Let u be 4 - 4 - -4 - 5. What is the units digit of -35*(30/21)/u?
0
Suppose 0 = 2*k - 0*k + 354. What is the units digit of (-1)/((-174)/k - 1)?
9
Let u be (-657)/12 + ((-27)/12 - -2). Let i = 37 - u. What is the tens digit of i?
9
Suppose -2*v + 31 = -4*k + 97, -4*v - 4*k = 144. What is the tens digit of ((-24)/7)/(5/v)?
2
Let s(x) = 2*x - 1. Let p be s(-9). Let n = -14 - p. Suppose 0 = 4*g + r - 79, 2*r - r - 99 = -n*g. What is the tens digit of g?
2
Suppose -2*k + 6*p - 25 = p, 3*k - p + 5 = 0. Suppose -4*x + 2*s = x - 38